-77*k + 2. Let m be u(-1). Let g = 144 - m. What is the highest common divisor of 26 and g?
13
Let z(x) = -4*x - 3 - 8 - 3*x**2 - 1 + 4*x**2. Let d be z(10). Let j = -22 + d. What is the greatest common divisor of j and 13?
13
Let a be (-2)/10 - (-2873)/65. What is the highest common factor of 4 and a?
4
Suppose 19 = -2*u + 3*u. Suppose 5*p - 41 = u. Calculate the highest common factor of p and 96.
12
Suppose -2*y + 5*p = -41, -2*y + 25 - 2 = p. Suppose y = 5*a + 3. Suppose 152 + a = h. What is the greatest common factor of 14 and h?
14
Suppose 2*n + 2*b - 12 = 0, 2*b = -4*n + 4 + 14. Calculate the highest common factor of n and 15.
3
Suppose -4*d - 40 = -3*a, -62 = -7*a + 3*a + d. Let b = 10 - a. Let s be ((-24)/20)/(b/20). Calculate the highest common factor of s and 20.
4
Let f be (2/(-3)*3)/2. Let p be f - (-2 + -2*10). What is the highest common factor of 147 and p?
21
Suppose -6 + 0 = -3*a. Suppose a*h = 7*h. Suppose 2*s - 8 - 4 = h. Calculate the greatest common divisor of s and 66.
6
Let p(s) = 98*s**2 - 3*s + 4. Let c be p(1). Calculate the highest common factor of c and 11.
11
Suppose 0 = 2*g - 6*g + 8. Let v be -1*38*g/(-4). Suppose d - 16 = u, -2*u - 3*u - 61 = -4*d. Calculate the highest common factor of v and d.
19
Suppose -h - 1 = 5. Let i = -6 + 17. Let u = h + i. Calculate the highest common factor of u and 2.
1
Let o be ((-20)/(-4))/1*3. Calculate the highest common divisor of 75 and o.
15
Suppose 1691 = 5*u - 3*g, -4*g + 355 = u + g. Suppose 0 = 4*a + 20, -i + 6*i - u = -2*a. Calculate the highest common factor of 10 and i.
10
Let q(v) = v**3 + 6*v**2 - v + 8. Let d be q(-6). Let z be 0 + ((-142)/(-1) - 2). What is the greatest common divisor of d and z?
14
Let v = 9 - 17. Let y(l) = l**3 + 10*l**2 + 4*l - 11. Let m be y(v). Let x(s) = 8*s - 6. Let p be x(5). Calculate the greatest common divisor of p and m.
17
Let x be 7 - -4*2/(-4). Suppose 4*n = b + b, 0 = -x*n + 3*b. Suppose n = 3*j - 8*j + 65. Calculate the highest common divisor of j and 104.
13
Let g = -45 - -185. Calculate the greatest common factor of 20 and g.
20
Suppose -5*a - 4*g + 2*g = -2, -4*a - 3 = -3*g. Suppose -4*f = -a*f + 2*c - 726, -365 = -2*f + c. Calculate the greatest common factor of 26 and f.
26
Let y be 0/(-4 - -8) - -2. Suppose o = i + y, -3*i - 22 = -5*o - i. Let p be 1 + -1 + -1 + 49. Calculate the greatest common divisor of o and p.
6
Let g = 195 + -74. What is the greatest common divisor of g and 11?
11
Suppose 4*f - 4 = 8. Suppose -5*x + a + 330 = -199, -4*x - 4*a = -404. Suppose 2*c + 3*c = x. What is the greatest common factor of c and f?
3
Let i = -40 - 8. Let q = i + 98. Let t = -23 - -43. Calculate the highest common factor of q and t.
10
Suppose -z = -14 + 10. Calculate the highest common factor of z and 1.
1
Let z(m) = m + 63. Let t be z(0). Calculate the highest common factor of t and 9.
9
Let q = -29 - -128. What is the greatest common factor of 9 and q?
9
Let a(s) = s**2 - s + 14. Let t be a(0). Calculate the greatest common factor of t and 14.
14
Let c = -6 - -15. Suppose 6*w + 26 = v + w, -10 = 2*w. What is the greatest common factor of c and v?
1
Let m be ((-1)/(-2))/(8/176). Let x be -2 - (-1 + m)*-1. Calculate the greatest common factor of 2 and x.
2
Let b = -50 + 98. What is the greatest common divisor of 6 and b?
6
Suppose -4*f - p = -77, 5*p + 75 = 3*f - 0*p. Calculate the highest common divisor of 30 and f.
10
Let s(l) = -l**2 + 11*l - 7. Let p be s(10). Suppose v = -p*v + 20. Suppose -21 = -v*n - 4*o + 3, 5*o = n + 1. What is the highest common divisor of 44 and n?
4
Let d(z) = -z**2 + 31*z + 8. Let h be d(8). Calculate the greatest common factor of h and 12.
12
Suppose -3*p = 2*d - 48, -d + 5*p = 4*p - 19. Calculate the greatest common divisor of d and 210.
21
Suppose -5*z + 320 = 4*n, -6*n + 3*z = -4*n - 138. Suppose -g + 0*g = -5*h + n, 0 = -h - 5*g + 41. What is the greatest common factor of 48 and h?
16
Let n(u) = u + 7. Let z be n(-5). Let l be 106/6 + z/6. What is the greatest common factor of l and 6?
6
Let b(d) = -3*d + 73. Let k be b(23). Calculate the greatest common divisor of k and 28.
4
Let v = -4 + 4. Suppose -4*w + 5*j + 104 = v, j = -j. What is the greatest common factor of 130 and w?
26
Let o be 1/(-1) + 51 + 0. Let i = 1 + -1. Suppose -4*j + 10 + 70 = i. Calculate the highest common factor of j and o.
10
Let a be -2*3*5/(30/(-8)). Calculate the highest common divisor of a and 128.
8
Suppose 40 = 2*r + 2*r. Let c be (-4 - r)/(1/(-6)). Suppose -5*m + 9 - 30 = -y, 4*y + 5*m = c. What is the highest common factor of y and 3?
3
Let b be (153/(-68))/((-6)/80). Suppose 3*c = 2*h - 42, 4*c = 2*h - c - 34. Let i be 276/h - (-2)/(-9). What is the greatest common factor of i and b?
10
Suppose 2 = -p - 4*s, -2*p - p - 21 = -3*s. Let a(n) = -n - 3. Let t be a(p). Suppose t*u = 6*u - 126. What is the greatest common divisor of 14 and u?
14
Let p(n) be the third derivative of -n**4/8 - 19*n**3/6 - 5*n**2. Let x be p(-13). Calculate the greatest common divisor of x and 5.
5
Suppose a + 2*f - 59 = 30, a - 4*f = 119. What is the highest common factor of 66 and a?
33
Let u be (-1)/((-38)/(-10) - 4). Let d = 57 - 32. Calculate the greatest common divisor of d and u.
5
Let x = 4 - 2. Let g be ((-6)/(-9))/(x/(-6)). Let v be (16 - g)/((-8)/(-4)). What is the highest common divisor of v and 3?
3
Let a be (5/(-3) - -3)*-3. Let i(n) be the first derivative of -n**2/2 - 3*n + 1. Let r be i(a). What is the greatest common factor of r and 8?
1
Let t be (-402)/(-9) - 2/3. Suppose 0 = 3*p - 16 - t. Let c = -121 + 129. Calculate the greatest common divisor of c and p.
4
Let r(c) = -18*c + 5. Let z be r(-4). Suppose -2*s + 0*s = -8. Suppose -11 = s*q - 55. Calculate the highest common divisor of q and z.
11
Let c = -72 - -132. What is the greatest common divisor of 24 and c?
12
Let t be (-12 - -3)/(1/(-5)). Suppose 4*m = 6*m - 18. What is the highest common divisor of m and t?
9
Let r(d) = 57*d**2 - d. Let z be r(1). What is the highest common factor of 168 and z?
56
Let j be 5 + -2 + (2 - 3). Suppose -j*s + 9 = -7. What is the greatest common factor of s and 56?
8
Suppose -o - 3 = 3*i, 0 = -2*o - 2*i - 19 + 1. Let p be (-102)/(-5) - o/(-30). What is the highest common factor of 8 and p?
4
Let o = 113 - 265. Let a = 224 + o. What is the highest common divisor of a and 18?
18
Let o(d) = 7*d**2 + 2*d - 5. Let m be o(-4). What is the highest common factor of m and 11?
11
Let w = 22 - -121. What is the highest common factor of w and 13?
13
Let r(d) = -3*d**2 + 4*d + 11. Let j(m) = m**2 - m - 4. Let g(l) = 8*j(l) + 3*r(l). Let c be g(3). Calculate the greatest common divisor of c and 8.
4
Let h(k) = 6*k**2 + k. Let b be h(-1). Let a be 4640/15 - (-1)/(-3). Let x be a/9 + (-2)/(-3). Calculate the greatest common divisor of b and x.
5
Let z = 72 - 42. Let k = 47 - z. Calculate the highest common divisor of 17 and k.
17
Suppose 51*d + x = 48*d + 272, x - 92 = -d. Suppose -5*w + 2*p + 186 = 0, 4*w = 2*w - 5*p + 57. What is the greatest common divisor of w and d?
18
Let w(r) = 53*r - 2. Suppose -4 = 4*q - 12. Let d be w(q). What is the highest common factor of 13 and d?
13
Suppose 32 = 2*y + 10. What is the highest common divisor of y and 99?
11
Suppose 0 = -2*a - 0*a + 6. Suppose 0 = -2*b - 3*b - 30. Let s = a - b. What is the greatest common factor of s and 18?
9
Let c be ((-9)/4)/((-2)/8). Calculate the highest common divisor of c and 36.
9
Let r be 4/6*24/4 - 0. What is the highest common factor of r and 4?
4
Let n(g) = -13*g. Let i = -15 - -14. Let x be n(i). Let u(m) = -m**3 + 9*m**2 + 2*m - 3. Let l be u(6). What is the greatest common factor of x and l?
13
Let z be 294/8 - (-8)/32. Let g = 3 + z. What is the highest common divisor of 100 and g?
20
Let f be 355/20 - 2/(-8). Suppose -2*l + l + f = 0. What is the highest common factor of 12 and l?
6
Suppose -5 = -5*u, 0 = -a - a - 3*u + 87. Let v(n) = -n**2 + 7*n + 8. Let z be v(6). Calculate the highest common factor of a and z.
14
Suppose 2*l = 3*m + 37, 2*l - m - 15 - 16 = 0. Suppose 0 = s - l - 26. Calculate the highest common factor of s and 20.
20
Suppose -12*l + 17*l = 475. Let t(z) = 10*z + 6. Let s be t(7). Suppose x - 38 = -f, 0 = -4*x + 2*x - 4*f + s. What is the highest comm